 23. Let h be r(7). Calculate w(h).
-61
Let p(w) = -7*w**3 + 6*w**2 - 7*w + 11. Let k(m) = 18*m**3 - 14*m**2 + 18*m - 28. Let b(g) = 5*k(g) + 12*p(g). Determine b(1).
6
Suppose 0 = -4*s - 1 + 17. Suppose 3*v + 1 = s. Let a(l) = 42*l**2 - 18*l + 27. Let w(b) = -10*b**2 + 4*b - 6. Let j(h) = 2*a(h) + 9*w(h). Give j(v).
-6
Let h(l) = -l**3 + 4*l**2 + 2*l - 6. Suppose v = -5*t + 14, -3 = 3*t - 6. Suppose -51 - 93 = -v*y. Suppose y*q - 16 = 12*q. Give h(q).
2
Let b(i) = -4*i**2 - 5*i**3 - 5 - 6*i**3 + 11 - 1 - 6*i. Let v(q) = 2*q**3 + q**2 + q - 1. Let p(s) = -b(s) - 6*v(s). Let h = 2 + -5. What is p(h)?
10
Let c(t) be the second derivative of 23*t**5/20 + t**4/4 + t**3/2 + t**2 + 164*t + 2. Determine c(-1).
-21
Let w(r) = 2*r**2 - 148*r + 411. Let a be w(71). Let m(d) = 15*d + 226. Determine m(a).
1
Let s be 175/70*(-8 + 10) + 2/(-1). Let i(x) = x**3 - 3*x**2 + 5*x - 4. Let n(u) = 3*u**3 - 9*u**2 + 14*u - 12. Let w(f) = -17*i(f) + 6*n(f). Calculate w(s).
-7
Let g = 12 - 9. Let o(y) be the third derivative of -y**5/30 + y**4/8 - y**3/6 - 388*y**2 + 2. Give o(g).
-10
Let o(f) = -f**2 + 9*f + 1. Let p = -810 - -815. Suppose -4*a + 20 = -2*c + 6*c, -p*a + 37 = 2*c. Give o(a).
1
Let o(q) = -72*q**2 - 2*q - 11. Let x(j) = -101*j**2 - 3*j - 18. Let b(v) = -7*o(v) + 5*x(v). Let c be (10/4 - 2)*0. Determine b(c).
-13
Let w(v) be the first derivative of v**4/2 - 4*v**3/3 - v**2/2 + 1. Let h(m) = -2*m**2 - 6*m + 3. Let s = -11 - -8. Let g be h(s). Determine w(g).
15
Suppose -43*v - 20 = -44*v. Suppose -12*h + 24 = -v*h. Let k(w) = -w - 10. What is k(h)?
-7
Let o(t) be the third derivative of t**4/8 - t**3/6 - 6*t**2 - t. Let g(c) = c**3 + 5*c**2 - 4*c - 5. Let f be g(-5). Let k = 14 - f. What is o(k)?
-4
Let b be 2268/96 - (-9)/24. Suppose -3*c = 3*c - b. Suppose -c*y = -3*y - 4. Let v(q) = 2*q - 3. What is v(y)?
5
Let u = -41 - -42. Suppose 0 = -10*x - 9 - u. Let v(r) = -6*r - 2 + 1 + 3*r + 0. Calculate v(x).
2
Suppose -11*p - 143 + 231 = 0. Let l(c) be the second derivative of c**4/12 - 5*c**3/3 + 4*c**2 - 45*c. Determine l(p).
-8
Let z = 31 + -52. Let y be (-2)/(-3) - 175/z. Let r(c) be the third derivative of -c**4/24 + c**3/2 - 206*c**2 - 3*c. Calculate r(y).
-6
Let u(t) = 138*t + 19. Let k(c) = 10*c + 3. Let i(p) = 6*k(p) - u(p). What is i(-1)?
77
Let g(n) = -3*n**2 - 4*n**2 + 41874 - 41858 - 9*n + 3*n**2. What is g(4)?
-84
Suppose 6*y + c + 4 = 3*y, 0 = 4*y - 5*c - 20. Let k be y + (-4)/(-6) - (-88)/(-24). Let q(p) = -p**3 - 3*p**2 + p + 7. Determine q(k).
4
Let o(b) = 3 + 101 + 392*b - 200*b + 47 - 197*b. Determine o(32).
-9
Let k = -51 - -51. Let y(g) = -5*g + 7 + k + 0 + 4*g. Determine y(-4).
11
Let d(m) be the second derivative of -m**4/12 + 7*m**3/6 - 5*m**2/2 + 9*m. Suppose 0 = -3*b + 2*i + 101, 0*i = 4*b + i - 131. Let a = b - 29. Determine d(a).
7
Let s(z) = -5 - 3*z + 2 - 4 + 3. Suppose -60*h + 72 = -42*h. Give s(h).
-16
Let a be 12/(-6)*(21 + -13 + 1/(-2)). Let u(g) = -2*g**2 - 34*g + 15. Give u(a).
75
Let i(a) = -a**3 + 25*a**2 - 8*a + 34*a**2 - 5 + 17*a - 57*a**2. Let f be i(4). Let x(y) = 12*y**3 - 2*y - 1. Determine x(f).
-11
Let h(v) = 0*v**2 - v**2 - 11 - 4 - v**3. Suppose 3*m + 2*t + 103 = -390, m - 3*t = -146. Let q = 161 + m. Calculate h(q).
-15
Let j = -41 - -56. Suppose -1 + j = 7*g. Suppose -g*w + 10 = 18. Let v(c) = -c**2 - 6*c - 1. Give v(w).
7
Let x(l) be the third derivative of -l**5/6 - l**4/24 + l**3/2 - 2072*l**2. Give x(3).
-90
Let y be 5/1*(2 - 1). Suppose -2*g - 3*g = -4*c + 28, -2*c - y*g - 16 = 0. Let s(k) = 39*k**3 - k**2 - 7 - 74*k**3 - k + 5 + 36*k**3. Determine s(c).
0
Suppose f + 3*f = 16. Let x(u) = 1 - 1 + f*u - 1 - 1. Suppose -11*y + 387 - 365 = 0. What is x(y)?
6
Suppose 2*h = 8*h - 24. Let c(y) = 25*y**3 + 68*y**2 - 60*y + 22. Let m(z) = 9*z**3 + 23*z**2 - 20*z + 8. Let g(x) = h*c(x) - 11*m(x). Determine g(-20).
0
Let f(t) = t**2 + t + 1. Let y(n) = -3*n**2 - 11*n - 12. Let w(k) = 2*f(k) + y(k). Suppose 4*v - 3*j + 6 = 0, 2*v + 5*j + 8 = 6*j. Determine w(v).
-10
Let t(s) = s**2 - 13*s + 14. Let r be t(12). Let d(p) = p**r - p + 2 + 1 + 1 + 2*p. Let q be (-5)/(-20)*(-4 + 4). What is d(q)?
4
Let g(w) be the second derivative of -w**3/3 + 15*w**2/2 + 2*w. Let t = 44726 + -44713. What is g(t)?
-11
Let x(w) = -3*w**3 + w + 1. Let j be x(-1). Suppose -j*b - 55 = -31. Let m(i) = i. What is m(b)?
-8
Let c be (3*5/(-30))/((-2)/(-24)). Let r be c/(3 + -1) - 0. Let l(p) = -2*p**2 - 4*p - 1. Calculate l(r).
-7
Let c(z) = -z**2 - z**2 - 19*z - 282*z**3 + 1 + 9*z + 279*z**3 + 16*z. Calculate c(-4).
137
Let c(i) be the second derivative of 2*i**3 - 27*i**2/2 + 5345*i. Calculate c(2).
-3
Let m(w) = -w + 14. Let j(d) = -d + 17. Let c(l) = -2*j(l) - 3*m(l). What is c(19)?
19
Let j be (45/(-18))/(-3 + 21/6). Let w be -2*j/(-20)*(4 - 8). Let m(v) = -5*v**2 + 2. Calculate m(w).
-18
Suppose 0 = -5*f - 4*c + 7 + 34, 3*f = 3*c + 3. Let a = 18 + -2. Suppose -7*x + a = -f. Let r(p) = 5*p - 1. Calculate r(x).
14
Let a(k) = -k + 4*k + 118851 - 119011. Calculate a(46).
-22
Let g(c) = -1507*c**2 - 11*c - 13 - 14*c - 14 - 8 + 1509*c**2. Calculate g(13).
-22
Let t(o) = 58*o + 5. Suppose 118 = 111*n - 229*n. What is t(n)?
-53
Let k = -31 - -27. Let i(z) = 13*z + 4. Let l(j) = -299*j - 91. Let v(b) = k*l(b) - 91*i(b). Give v(-1).
-13
Let o(a) be the third derivative of -a**6/120 + a**5/5 + 13*a**4/24 - 17*a**3/6 - 1266*a**2. Calculate o(13).
-17
Let s(o) = -23*o**2 - 23*o**2 + 73*o**2 + 10 + 10*o - 22*o**2. Determine s(-1).
5
Let k(y) = -y - 1. Let x be k(-7). Let v(o) = -13*o + 1. Let i(q) = -38*q + 3. Suppose -52*b + 17 = -53*b. Let h(t) = b*v(t) + x*i(t). What is h(-3)?
22
Let j(b) be the second derivative of 19*b + 1/8*b**4 + 0 - 1/2*b**3 + 1/120*b**5 + 0*b**2. Let p(k) be the second derivative of j(k). Determine p(-5).
-2
Let s(z) = -7*z**3 - 1. Let v(b) = 3*b - 20. Let q be v(7). Suppose 4*l + r = -q, -l + 0 = -5*r + 16. Give s(l).
6
Let c(m) = -m + 11. Let g be c(-4). Let u(s) = -19 + 4*s - 9*s - s**2 + 13*s + 8*s. What is u(g)?
-4
Let h(x) = 2*x**3 + 7*x**2 + 5*x - 4. Suppose -427 = -11*l - 471. Calculate h(l).
-40
Let a be 11 + ((-2)/13 - 335/(-65)). Let w(b) = -a - b + 18 + 11. Determine w(12).
1
Let b(c) be the third derivative of -7/24*c**4 + 3 + 3/2*c**3 - 5*c**2 + 0*c - 1/60*c**5. Determine b(-8).
1
Suppose 3*y - 1 = 5*c + 2*y, -9 = c + 2*y. Let j(q) = -105*q**2 + 4*q - 13. Let z(p) = 20*p**2 - p + 2. Let f(w) = j(w) + 6*z(w). What is f(c)?
16
Let f(i) = 8*i**2 - 9*i**2 + 8*i**2 - 3*i**2 + 57*i + 5 - 55*i - i**3. Give f(5).
-10
Let r be 1/(440/(-145) + 3). Let o = -27 - r. Let s(c) = -c - 28 + c**3 - 9*c**o + 35 + 10*c**2. Give s(0).
7
Let c(n) = -4*n - 2. Let i = -4468 - -4489. Let w(f) = 5*f - 1. Let l be w(5). Let r = i - l. Calculate c(r).
10
Let q(f) = 17*f - 1. Let z(y) = -18*y - 4. Let t(k) = 2*q(k) + 2*z(k). Give t(14).
-38
Suppose 12 = -3*z - 18. Let h(g) be the second derivative of 5*g**2 + 0 - 3*g + 1/6*g**3. What is h(z)?
0
Let z = 7 + -17. Let j(n) be the second derivative of n**3/6 + 8*n**2 + 2*n - 21. Determine j(z).
6
Let b(q) = 2*q + 6. Let h(r) = -r + 27. Let y(v) = -5*b(v) + h(v). Give y(1).
-14
Suppose 40 = 32*z + 232. Let l(n) = -n**3 - 11*n**2 - n. Let y(s) = s**3 + 10*s**2 + s + 1. Let j(a) = 5*l(a) + 6*y(a). Determine j(z).
-36
Let v(z) = -z**2 + 6*z - 4. Suppose -5*y + 50 = -5*s, 5*y - 55 = 4*s - 7. Let a be (65/26)/(4/y). Calculate v(a).
1
Let j(o) = o**3 - 2*o**2 - 2*o + 2. Let w(p) be the second derivative of p**4/6 - 2*p**3 + 3*p**2/2 - 116*p. Let d be w(6). Calculate j(d).
5
Suppose 375*k - 399*k = -240. Let o(b) = -5*b**2 - 18*b + 9. Let j = -10 + 4. Let p(m) = 11*m**2 + 37*m - 17. Let r(x) = j*p(x) - 13*o(x). Calculate r(k).
5
Suppose -11*h + 10*h + 5*j = -39, -4*j - 188 = -4*h. Let y be (-830)/170 + (-3 - h/(-17)). Let p(d) = -d**2 - 3*d - 5. Calculate p(y).
-15
Let i(q) = -5*q**3 + 27*q**2 + 30*q - 38. Let a(m) = 4*m**3 - 26*m**2 - 28*m + 36. Let s(v) = 6*a(v) + 5*i(v). Calculate s(-20).
-14
Let g(h) = h**2 - 26*h + 106. Suppose -j + 2*t + 10 = 0, 7*j - 2*j = 3*t + 85. Let w be g(j). Let n(i) = -i**3 - 13*i**2 + 15*i + 10. Determine n(w).
-4
Let r(n) = n**3 + 12*n**2 + 13*n + 10. Let d be (-2 - (3 + -10)) + 5 + 8. Suppose 5*z + 7 = 4*g - 32, 0 = 2*z - g + d. Determine r(z).
-12
Let h(f) be